{"id":1937,"date":"2023-11-24T17:24:22","date_gmt":"2023-11-24T17:24:22","guid":{"rendered":"https:\/\/wilke-marine.com\/impressum\/"},"modified":"2024-01-27T09:59:10","modified_gmt":"2024-01-27T09:59:10","slug":"mentions-legales","status":"publish","type":"page","link":"https:\/\/wilke-marine.com\/fr\/mentions-legales\/","title":{"rendered":"Mentions l\u00e9gales"},"content":{"rendered":"\t\t<div data-elementor-type=\"wp-page\" data-elementor-id=\"1937\" class=\"elementor elementor-1937 elementor-376\" data-elementor-post-type=\"page\">\n\t\t\t\t<div class=\"elementor-element elementor-element-6ba1c91 e-flex e-con-boxed e-con e-parent\" data-id=\"6ba1c91\" data-element_type=\"container\" data-e-type=\"container\">\n\t\t\t\t\t<div class=\"e-con-inner\">\n\t\t\t\t<div class=\"elementor-element elementor-element-ac6251e elementor-widget elementor-widget-heading\" data-id=\"ac6251e\" data-element_type=\"widget\" data-e-type=\"widget\" data-widget_type=\"heading.default\">\n\t\t\t\t<div class=\"elementor-widget-container\">\n\t\t\t\t\t<h1 class=\"elementor-heading-title elementor-size-default\">Mentions l\u00e9gales<\/h1>\t\t\t\t<\/div>\n\t\t\t\t<\/div>\n\t\t\t\t<div class=\"elementor-element elementor-element-b8b37ef elementor-widget elementor-widget-text-editor\" data-id=\"b8b37ef\" data-element_type=\"widget\" data-e-type=\"widget\" data-widget_type=\"text-editor.default\">\n\t\t\t\t<div class=\"elementor-widget-container\">\n\t\t\t\t\t\t\t\t\t<p>Olaf Wilke Marine GmbH<\/p>\n<p>repr\u00e9sent\u00e9e par l&rsquo;administrateur d\u00e9l\u00e9gu\u00e9 Olaf Wilke<\/p>\n<p>Au Tombex 40<br \/> 3280 Murten<\/p>\n<p><span style=\"font-size: 20px;\">Inscrite au registre du commerce du canton de Vaud :<\/span><\/p>\n<p>IDE\/UID: CHE-161.165.978 \/\u00a0<span style=\"font-size: 20px;\">MwSt. CHE-161.165.978<\/span><\/p>\n<p>E-Mail: <a title=\"Envoyer un e-mail\" href=\"mailto:info@wilke-marine.com\">info@wilke-marine.com<\/a><\/p>\n<p>Telefon: +41 79 353 63 00<\/p>\n<p>Associ\u00e9e: Vera Nadja Eva M\u00fcller<\/p>\n<p>Court of jurisdiction: 3280 Murten<\/p>\n<p>Plate-forme de la Commission europ\u00e9enne pour la r\u00e9solution en ligne des litiges (OS) pour les consommateurs : <a target=\"_blank\" rel=\"noopener\">https:\/\/ec.europa.eu\/consumers\/odr\/<\/a>. Nous ne sommes pas dispos\u00e9s ou oblig\u00e9s de participer \u00e0 une proc\u00e9dure de r\u00e8glement des diff\u00e9rends devant un organisme d&rsquo;arbitrage des consommateurs.<\/p>\n<p>r<\/p>\n\t\t\t\t\t\t\t\t<\/div>\n\t\t\t\t<\/div>\n\t\t\t\t\t<\/div>\n\t\t\t\t<\/div>\n\t\t\t\t<\/div>\n\t\t","protected":false},"excerpt":{"rendered":"<p>Mentions l\u00e9gales Olaf Wilke Marine GmbH repr\u00e9sent\u00e9e par l&rsquo;administrateur d\u00e9l\u00e9gu\u00e9 Olaf Wilke Au Tombex 40 3280 Murten Inscrite au registre du commerce du canton de Vaud : IDE\/UID: CHE-161.165.978 \/\u00a0MwSt. CHE-161.165.978 E-Mail: info@wilke-marine.com Telefon: +41 79 353 63 00 Associ\u00e9e: Vera Nadja Eva M\u00fcller Court of jurisdiction: 3280 Murten Plate-forme de la Commission europ\u00e9enne pour [&hellip;]<\/p>\n","protected":false},"author":1,"featured_media":0,"parent":0,"menu_order":0,"comment_status":"closed","ping_status":"closed","template":"","meta":{"_seopress_robots_primary_cat":"","_seopress_titles_title":"","_seopress_titles_desc":"","_seopress_robots_index":"","footnotes":""},"class_list":["post-1937","page","type-page","status-publish","hentry"],"jetpack_sharing_enabled":true,"_links":{"self":[{"href":"https:\/\/wilke-marine.com\/fr\/wp-json\/wp\/v2\/pages\/1937","targetHints":{"allow":["GET"]}}],"collection":[{"href":"https:\/\/wilke-marine.com\/fr\/wp-json\/wp\/v2\/pages"}],"about":[{"href":"https:\/\/wilke-marine.com\/fr\/wp-json\/wp\/v2\/types\/page"}],"author":[{"embeddable":true,"href":"https:\/\/wilke-marine.com\/fr\/wp-json\/wp\/v2\/users\/1"}],"replies":[{"embeddable":true,"href":"https:\/\/wilke-marine.com\/fr\/wp-json\/wp\/v2\/comments?post=1937"}],"version-history":[{"count":5,"href":"https:\/\/wilke-marine.com\/fr\/wp-json\/wp\/v2\/pages\/1937\/revisions"}],"predecessor-version":[{"id":2465,"href":"https:\/\/wilke-marine.com\/fr\/wp-json\/wp\/v2\/pages\/1937\/revisions\/2465"}],"wp:attachment":[{"href":"https:\/\/wilke-marine.com\/fr\/wp-json\/wp\/v2\/media?parent=1937"}],"curies":[{"name":"wp","href":"https:\/\/api.w.org\/{rel}","templated":true}]}}

Mentions légales

<div data-elementor-type="wp-page" data-elementor-id="1937" class="elementor elementor-1937 elementor-376" data-elementor-post-type="page">
				<div class="elementor-element elementor-element-6ba1c91 e-flex e-con-boxed e-con e-parent" data-id="6ba1c91" data-element_type="container" data-e-type="container">
					<div class="e-con-inner">
				<div class="elementor-element elementor-element-ac6251e elementor-widget elementor-widget-heading" data-id="ac6251e" data-element_type="widget" data-e-type="widget" data-widget_type="heading.default">
				<div class="elementor-widget-container">
					<h1 class="elementor-heading-title elementor-size-default">Mentions légales</h1>				</div>
				</div>
				<div class="elementor-element elementor-element-b8b37ef elementor-widget elementor-widget-text-editor" data-id="b8b37ef" data-element_type="widget" data-e-type="widget" data-widget_type="text-editor.default">
				<div class="elementor-widget-container">
									<p>Olaf Wilke Marine GmbH</p>
<p>représentée par l&rsquo;administrateur délégué Olaf Wilke</p>
<p>Au Tombex 40<br /> 3280 Murten</p>
<p><span style="font-size: 20px;">Inscrite au registre du commerce du canton de Vaud :</span></p>
<p>IDE/UID: CHE-161.165.978 / <span style="font-size: 20px;">MwSt. CHE-161.165.978</span></p>
<p>E-Mail: <a title="Envoyer un e-mail" href="mailto:info@wilke-marine.com">info@wilke-marine.com</a></p>
<p>Telefon: +41 79 353 63 00</p>
<p>Associée: Vera Nadja Eva Müller</p>
<p>Court of jurisdiction: 3280 Murten</p>
<p>Plate-forme de la Commission européenne pour la résolution en ligne des litiges (OS) pour les consommateurs : <a target="_blank" rel="noopener">https://ec.europa.eu/consumers/odr/</a>. Nous ne sommes pas disposés ou obligés de participer à une procédure de règlement des différends devant un organisme d&rsquo;arbitrage des consommateurs.</p>
<p>r</p>
								</div>
				</div>
					</div>
				</div>
				</div>

<p>Mentions légales Olaf Wilke Marine GmbH représentée par l&rsquo;administrateur délégué Olaf Wilke Au Tombex 40 3280 Murten Inscrite au registre du commerce du canton de Vaud : IDE/UID: CHE-161.165.978 / MwSt. CHE-161.165.978 E-Mail: info@wilke-marine.com Telefon: +41 79 353 63 00 Associée: Vera Nadja Eva Müller Court of jurisdiction: 3280 Murten Plate-forme de la Commission européenne pour [&hellip;]</p>
